In base 5, what is 10 - 3311121?
-3311111
In base 10, what is -31 + 1347?
1316
In base 4, what is -122300313 - -10?
-122300303
In base 13, what is -89 - 2731?
-27ba
In base 9, what is -3774 - 22?
-3806
In base 4, what is -10331203 + 22?
-10331121
In base 16, what is 103a - 176?
ec4
In base 14, what is 4259 - -1?
425a
In base 5, what is -322012 + 10?
-322002
In base 9, what is -4 - -1117062?
1117057
In base 10, what is -5 + -127386?
-127391
In base 2, what is -11101111011001100 + 10100?
-11101111010111000
In base 4, what is 3 - 302121333?
-302121330
In base 14, what is -5 + -2970?
-2975
In base 10, what is 38 + 12073?
12111
In base 8, what is -26672 - 613?
-27505
In base 13, what is 68b51 + -5?
68b49
In base 3, what is 221202021 + -20?
221202001
In base 10, what is -245122 - 5?
-245127
In base 12, what is -10 + -17041?
-17051
In base 2, what is -100111110 + -10111100?
-111111010
In base 12, what is -18b - -10a?
-81
In base 5, what is 21211 + 3004?
24220
In base 8, what is 4354 + 33?
4407
In base 14, what is -2 + 72713?
72711
In base 9, what is -3373 + -1417?
-4801
In base 5, what is 11 + 30021?
30032
In base 4, what is 3 - 1300110?
-1300101
In base 13, what is -4 - -2982c4?
2982c0
In base 4, what is -11 - -223023233?
223023222
In base 4, what is -100110 - 333?
-101103
In base 3, what is 122112 + 1000022?
1122211
In base 10, what is -90 - -3061?
2971
In base 8, what is -4 + -576122?
-576126
In base 16, what is 5 - -151e?
1523
In base 9, what is 576 - 4765?
-4178
In base 3, what is -10 - 1001200202112?
-1001200202122
In base 15, what is -3962b - 27?
-39653
In base 6, what is -342015 + -34?
-342053
In base 7, what is -116326 - 22?
-116351
In base 3, what is -101111 + 20012102?
12210221
In base 10, what is -15791 + 4?
-15787
In base 6, what is -5134223 - -1?
-5134222
In base 13, what is 10 + c438?
c448
In base 16, what is -ba - c8?
-182
In base 4, what is 0 - 103213?
-103213
In base 3, what is -2102121110 + 10?
-2102121100
In base 6, what is -1530111 - -1?
-1530110
In base 15, what is -2071 + -a?
-207b
In base 14, what is -3c - 1a4?
-202
In base 5, what is 1011444 - 2?
1011442
In base 10, what is -9 + 299506?
299497
In base 6, what is 10252 - 15?
10233
In base 6, what is -51514 - -23?
-51451
In base 3, what is 0 + -11010211?
-11010211
In base 12, what is -494b - 1?
-4950
In base 2, what is 11111001110011 + -101100?
11111001000111
In base 2, what is -1101101111000100000 - 10001?
-1101101111000110001
In base 10, what is -32297 - -4?
-32293
In base 5, what is 10 - -3324313?
3324323
In base 3, what is 12 + -221110220?
-221110201
In base 16, what is 6 + 367b?
3681
In base 14, what is 13 - -2b999?
2b9ac
In base 8, what is -10513 - 11?
-10524
In base 14, what is 4c2 + -15?
4ab
In base 14, what is 95 + -148?
-93
In base 11, what is -5a3 - 1398?
-1990
In base 14, what is -c4a94 + 0?
-c4a94
In base 5, what is -10414231 + 0?
-10414231
In base 12, what is -a421a + 2?
-a4218
In base 5, what is 20200412 + -4?
20200403
In base 10, what is -2091755 - 5?
-2091760
In base 16, what is 2 + -188c6?
-188c4
In base 5, what is 11111024 - -114?
11111143
In base 13, what is -82 + 8c?
a
In base 16, what is -53 + -1277?
-12ca
In base 6, what is 1552045 + -4?
1552041
In base 3, what is 200 + -10012210?
-10012010
In base 7, what is -225063 + 14?
-225046
In base 3, what is -211 + 1022121220?
1022121002
In base 4, what is 11 + -331003322?
-331003311
In base 4, what is 30222301 - 201?
30222100
In base 4, what is 10232 - -212010?
222302
In base 8, what is 261177 - 5?
261172
In base 4, what is -1112111013 - -2?
-1112111011
In base 3, what is -11211112 + 1?
-11211111
In base 11, what is 110 + -261?
-151
In base 14, what is -65da + -75?
-6671
In base 2, what is 1 - 10110000011011?
-10110000011010
In base 6, what is 5000 - -55?
5055
In base 6, what is 2223 - -2011?
4234
In base 4, what is -11 - -2322101?
2322030
In base 13, what is 934 + -743?
1c1
In base 16, what is -2c + -157b?
-15a7
In base 2, what is 110111101001001 + -101?
110111101000100
In base 10, what is 10634 + -4?
10630
In base 15, what is -4 - -7d611?
7d60c
In base 10, what is 2 + 164286?
164288
In base 4, what is 103302300 - -11?
103302311
In base 9, what is -137 - 438?
-576
In base 15, what is -15 + -67b?
-691
In base 4, what is 0 - -211311210?
211311210
In base 12, what is 92 + -13?
7b
In base 12, what is -39373 - 2?
-39375
In base 2, what is -100111 + -1101011101?
-1110000100
In base 3, what is 10210202 + 2002?
10212211
In base 5, what is -12002032 + 100?
-12001432
In base 3, what is -11 + -122010002?
-122010020
In base 6, what is 42 - 1424351?
-1424305
In base 12, what is -5 + -1020?
-1025
In base 14, what is 47 - 4c?
-5
In base 3, what is 1100211 - -212?
1101200
In base 3, what is 201212211 + 200?
201220111
In base 10, what is 351 + -24?
327
In base 4, what is 211113 - -32?
211211
In base 2, what is 1110 + 1001001?
1010111
In base 7, what is 111 + -466354?
-466243
In base 16, what is 2 - -caf4?
caf6
In base 7, what is -56 + 6343?
6254
In base 7, what is -4 - 44643?
-44650
In base 8, what is -56250 + 1?
-56247
In base 14, what is -10 - -11843?
11833
In base 13, what is -5 - -1376a0?
137698
In base 16, what is 9 - 17c9?
-17c0
In base 3, what is 21102 + 10001?
101110
In base 3, what is 10200 - 11000?
-100
In base 12, what is 5 + -1a5837?
-1a5832
In base 4, what is 12 + 1312313?
1312331
In base 12, what is 60 - -160?
200
In base 11, what is 32 + 1237?
1269
In base 8, what is 31 - 346?
-315
In base 14, what is -4bbc - 0?
-4bbc
In base 16, what is 6a + -e14?
-daa
In base 8, what is -21 + -4702?
-4723
In base 6, what is 2 - 12051?
-12045
In base 5, what is 1044203 - -10?
1044213
In base 2, what is -111101110 + 10111110?
-100110000
In base 8, what is -3 - 34274?
-34277
In base 10, what is 1895 + -73?
1822
In base 4, what is -3101 - -130?
-2311
In base 16, what is 34 - c72?
-c3e
In base 16, what is 4b15 - d?
4b08
In base 15, what is -1bac7 - d?
-1bad5
In base 4, what is 21130233 + -10?
21130223
In base 16, what is -17ccb + 15?
-17cb6
In base 6, what is -2 + 2402240?
2402234
In base 3, what is -101210121 - 201?
-101211022
In base 2, what is -111001011010001011 - 11?
-111001011010001110
In base 5, what is 20022431 - 1?
20022430
In base 4, what is 1301202 - -3?
1301211
In base 8, what is -20503 + 72?
-20411
In base 9, what is 247336 - 6?
247330
In base 12, what is 0 - -484826?
484826
In base 9, what is -4 - -16464?
16460
In base 12, what is -3 + -5a25?
-5a28
In base 2, what is 0 - -1010001000011101011?
1010001000011101011
In base 2, what is 11000 + 110001010000101100?
110001010001000100
In base 11, what is 1473 - -60?
1523
In base 6, what is -2 - -5413455?
5413453
In base 14, what is -5c33 + -39?
-5c6c
In base 3, what is -200 + 11220201?
11220001
In base 2, what is -1111 + -10100?
-100011
In base 16, what is -2a + -4caa?
-4cd4
In base 4, what is -2201 + -102203?
-111010
In base 2, what is -110001010100010 - 111?
-110001010101001
In base 2, what is 11111010 - 11000001010?
-10100010000
In base 4, what is 131100 - 10323?
120111
In base 15, what is -1 - 16e8d?
-16e8e
In base 9, what is -833 - 1468?
-2412
In base 4, what is 3 + -1301220?
-1301211
In base 12, what is -64a8b + -3?
-64a92
In base 10, what is -145 - 21?
-166
In base 2, what is 101111011000 + -1000?
101111010000
In base 12, what is 3880 - -15?
3895
In base 4, what is -101120 - -112?
-101002
In base 5, what is -21330433 + -4?
-21330442
In base 6, what is -20 + -24430?
-24450
In base 16, what is -2 + 25adf?
25add
In base 4, what is 3 - 111321112?
-111321103
In base 11, what is -1 - 4762?
-4763
In base 2, what is 0 - -10000101111000100?
10000101111000100
In base 7, what is 32 + 1045?
1110
In base 4, what is 0 + -202020312?
-202020312
In base 12, what is 682 + 543?
1005
In base 13, what is -2b2 - -4c?
-263
In base 5, what is -21214 + 123?
-21041
In base 10, what is 4 - 5870?
-5866
In base 13, what is -20 + -524?
-544
In base 4, what is 1 + -111333010?
-111333003
In base 9, what is 18 - -10634?
10653
In base 7, what is -1364544 + 2?
-1364542
In base 15, what is -4 - 55361?
-55365
In base 8, what is 20066357 + 1?
20066360
In base 15, what is -1 + 2527b?
2527a
In base 6, what is 304211 + -5?
304202
In base 15, what is -3b2 + -9e9?
-dab
In base 16, what is 5 + -2e5ff?
-2e5fa
